 23. Calculate the highest common factor of a and 7.
7
Suppose 5*p + 3*l - 1 = 0, 0*p + 4 = -p - 2*l. Suppose -p*k = -4*k + 70. Let z = -15 + k. Calculate the greatest common factor of 8 and z.
4
Suppose z + 2*z - 504 = 0. Let y(v) be the third derivative of 23*v**4/24 - v**3/3 + v**2. Let g be y(1). Calculate the greatest common factor of g and z.
21
Suppose 0 = 4*k - 5*k + 38. Suppose 14 = 2*r - k. What is the greatest common divisor of 65 and r?
13
Suppose 3*g = z + 70 + 93, 2*g - 102 = 2*z. Let x = 17 - 3. Calculate the highest common divisor of x and g.
14
Let v = 5 - 7. Let c = 5 + v. What is the highest common divisor of c and 2?
1
Suppose 128 = -3*k + 758. What is the greatest common factor of k and 42?
42
Let m(r) = -r**2 - 10*r - 4. Let u be m(-6). Suppose -5*a + 2*k + 4 = -4*a, -a + 4 = -k. Calculate the greatest common factor of a and u.
4
Let j(r) = -2*r - 5. Let p be j(-6). Suppose 0 = 2*x - p - 3. Suppose 0 = x*t - t - 352. Calculate the highest common divisor of t and 11.
11
Suppose -l + 210 = 6*l. What is the greatest common factor of 15 and l?
15
Suppose c + c - 8 = 0, -4*c = 4*i - 88. Let h = 16 - 10. Calculate the greatest common divisor of i and h.
6
Suppose -19 - 13 = -4*o. Calculate the greatest common divisor of o and 88.
8
Let b = 343 + -196. What is the highest common divisor of b and 98?
49
Suppose -38*q = -41*q + 21. Suppose -5*x + 4*z + 0*z = -225, 3*x + 3*z = 162. What is the greatest common factor of x and q?
7
Let n(h) = -h + 12. Let t be n(9). Suppose t*j + 24 = 192. Suppose -j = -f - f. Calculate the highest common factor of 4 and f.
4
Suppose -4*k = 5*c - 16 - 25, c = 3*k - 45. Let r be (-2)/2*2 + k. What is the greatest common factor of 3 and r?
3
Suppose -4*l = l - 25. Suppose -22 = -l*o + 68. Let k = o + -11. What is the greatest common divisor of 77 and k?
7
Let z(t) = 16*t**2 - 1. Let m be z(-1). Suppose 0*a = -l - 4*a + 119, -2*l - 5*a = -250. Calculate the highest common factor of l and m.
15
Suppose -3*q - n = -43, q = 4*q - 3*n - 27. What is the highest common divisor of 91 and q?
13
Let q be 8/((-8)/(-4)) + 2. Suppose -h - q = -m, 0 = m + m + 5*h + 2. Let a(b) = b - 2. Let i be a(6). Calculate the greatest common factor of i and m.
4
Let j(d) = 4*d - 5. Let a be j(10). What is the highest common divisor of 385 and a?
35
Let b(o) = 2 + 6 + 14*o - 15*o. Let d be b(-7). Calculate the highest common factor of d and 105.
15
Let g(w) = 4*w - 15. Let p be g(6). Calculate the highest common factor of p and 6.
3
Let f(h) = h. Let i be f(-2). Let p be 17 + (1 + i)*-3. Calculate the greatest common factor of 120 and p.
20
Let u be 1 + 0/(-1) - -6. Let l(v) = -4*v - 8. Let x be l(-9). Calculate the highest common divisor of x and u.
7
Let k(r) = -7 - 4 - 3*r + 1. Let d be k(-8). Let a be 18*(d/6 - 1). What is the greatest common divisor of a and 3?
3
Let r = -3 - -30. Let o(t) = t**2 - t - 3. Let f be o(3). Calculate the greatest common factor of f and r.
3
Suppose -1 - 3 = -f. Let n(p) = p**3 - 3*p**2 - 2*p + 6. Let z be n(f). Let a = z + -2. Calculate the greatest common factor of a and 24.
12
Suppose 2*x + 2*d - 214 = 0, 232 = 2*x - 2*d - 2*d. What is the highest common divisor of 10 and x?
10
Let p(b) = b - 2. Let y be p(5). Let n be -71 + 0 + -1 + y. Let w = 57 - n. Calculate the highest common factor of 14 and w.
14
Let i(g) = g**3 + g**2 - 2*g. Let r be i(2). What is the highest common divisor of r and 12?
4
Suppose 6*s + 149 = 5*a + 8*s, 2*a = 3*s + 71. What is the highest common divisor of 341 and a?
31
Let u be (3/5)/((-2)/(-10)). Suppose -95 = -u*y - 5. Let i be 13 + 0 - (2 - 1). Calculate the highest common factor of i and y.
6
Suppose -168 = -0*m - 4*m. Let z be 4/6 + 356/(-12). Let d = -15 - z. What is the greatest common factor of m and d?
14
Suppose 3*m - 8 + 2 = 0. Suppose 33 - 113 = -m*g. Suppose -24 = -0*q - 3*q. What is the highest common divisor of g and q?
8
Suppose 52 = 2*w + 2*w. Calculate the greatest common factor of 91 and w.
13
Let a be (6/5)/((-9)/(-30)). Suppose -n - 15 = a*n, 3*b = -5*n + 177. What is the greatest common divisor of b and 8?
8
Suppose 4*c = -3*h + 211, -h = 3*h - 5*c - 240. Suppose 3*g + 31 - 10 = 0. Let r = g - -33. Calculate the greatest common divisor of r and h.
13
Let k = 361 + -1955. Let o be k/(-10) - 21/(-35). Suppose 80 = 3*z + z. Calculate the highest common factor of o and z.
20
Suppose 0 = 4*g - 3 - 17. Calculate the greatest common factor of g and 2.
1
Let z be (1 + (-1)/1)/(-1). Suppose z*r + 2*r = 80. What is the highest common factor of 60 and r?
20
Let v = 42 - 21. Calculate the highest common factor of 3 and v.
3
Suppose 12 = 3*p - 2*b, p = -3*p - 4*b + 36. Calculate the greatest common divisor of p and 4.
2
Let x = -45 + 50. Let h be 10/3*(-48)/(-4). Calculate the greatest common divisor of h and x.
5
Let l be 10/40 - (-1214)/8. Calculate the highest common factor of 19 and l.
19
Suppose -h - 3*h = 5*g + 32, 2*h + 2*g + 16 = 0. Let i be 44/(-33)*3/(-2). Let o = i - h. Calculate the highest common divisor of 10 and o.
10
Let z(v) = -v**3 - 6*v**2 + 2*v + 9. Let m be z(-6). Let p be (-2)/(-8) + (-6)/(-8). Let x be m/(-1 + -1 + p). Calculate the highest common divisor of x and 33.
3
Let l(g) = g + 7. Let a(h) = h**3 - 4*h**2 + 2*h - 3. Let s be a(4). Let t be l(s). Calculate the highest common factor of t and 8.
4
Let o = -72 - -127. Let h = 3 - 7. Let j be 1/h - (-267)/12. What is the highest common factor of o and j?
11
Suppose 2*q + 3 = 3*i, -3*q + 2*i = 3 - 1. Suppose -2*u - 3*j + 223 = q, -u + 0*u - 5*j + 115 = 0. Calculate the highest common divisor of 10 and u.
10
Suppose -2*d + 0*i = -2*i - 86, 5*d = -3*i + 207. Calculate the greatest common divisor of d and 7.
7
Let h = -11 + 13. Suppose d - 48 = -h*d. What is the greatest common factor of 40 and d?
8
Suppose 2*w + 3*m + 2*m = 122, -48 = -w + 4*m. Let v(i) = 4*i. Let c be 2*(0 - -1 - 0). Let o be v(c). Calculate the highest common factor of o and w.
8
Suppose 4 = 5*h - 21. Suppose v = 3 - 1. Suppose -h*y + 7 = v. What is the greatest common factor of y and 2?
1
Suppose 3 = -3*x + 3*y, 4*x - 5*y + 11 = 5*x. Let m = 17 + -8. Calculate the greatest common divisor of x and m.
1
Suppose f - 1040 = 5*f. Let a = 377 + f. What is the greatest common factor of a and 13?
13
Suppose -3*x + 2*n = 3*n - 464, 0 = -2*n + 4. Let i be 26/2*1 + 1. What is the highest common divisor of i and x?
14
Suppose 6 = -4*d + d. Let z be (-1)/d - 11/(-2). What is the highest common factor of z and 6?
6
Let h be (-273)/(-4) - (9/4)/9. Calculate the greatest common factor of 34 and h.
34
Suppose -230 - 112 = -19*f. Suppose h + 0 - 12 = 0. Let n be 718/8 - (-3)/h. What is the greatest common divisor of n and f?
18
Let k be (0 + -3)*(2 + -1). Suppose 1 = -4*p - 3. Let n be (k/p)/(9/264). What is the greatest common divisor of 11 and n?
11
Suppose 5*k - 2*k = -5*l + 452, -766 = -5*k - 2*l. Calculate the greatest common factor of k and 14.
14
Suppose -4*b - b = -50. Suppose 2*h = -j + 20 + b, 3*h - 3*j - 63 = 0. Let r = 25 - h. Calculate the highest common divisor of r and 1.
1
Let n(m) = -m**2 + 10*m + 3. Let g be n(10). Suppose -g*t = -9 - 6. Suppose t*f - 3 = 17. Calculate the greatest common divisor of f and 10.
2
Let g be (35/6)/((-7)/(-42)). Calculate the greatest common divisor of g and 315.
35
Suppose 5*g - 576 = 139. Suppose -4*a - 5*y + 27 = -7*a, 5*a + 3*y + 79 = 0. Let l be (-3 + 1)*91/a. Calculate the highest common factor of g and l.
13
Let d be (0 + -1)/(4/(-68)). Calculate the greatest common factor of d and 136.
17
Let t be ((-2)/6)/(1/17)*-36. What is the greatest common divisor of t and 12?
12
Let h be (-760)/(-3) + 23/(-69). What is the highest common divisor of h and 23?
23
Suppose -293 = 11*t - 1008. Calculate the greatest common divisor of 5 and t.
5
Let v(n) = -n**2 - 8*n - 7. Suppose -5*m - 6*d + d - 55 = 0, -m = 2*d + 16. Let k be v(m). Let b = k + 0. Calculate the highest common divisor of b and 45.
5
Let r = -110 - -158. What is the highest common divisor of r and 6?
6
Suppose 2 = 3*q - 5*n, q - 4*n + 6 = n. Suppose -q*o - j + 98 = 35, -4*o = -j - 73. Calculate the highest common divisor of o and 68.
17
Let l(a) = 118*a - 1. Let x be l(1). Calculate the highest common divisor of 13 and x.
13
